 what is -53 + -5?
-102
In base 4, what is -1 - -2010?
2003
In base 6, what is -11 - -234?
223
In base 9, what is -4 - 43?
-47
In base 11, what is 329 + 10?
339
In base 15, what is 5 - -39?
3e
In base 8, what is 0 - 67?
-67
In base 2, what is 100 + 1111110?
10000010
In base 11, what is 2 + -27?
-25
In base 14, what is -62b - -8?
-623
In base 13, what is -430 - -2?
-42b
In base 2, what is 10 - -1?
11
In base 3, what is -20 - 11101010?
-11101100
In base 2, what is -1110011000010 - -10?
-1110011000000
In base 8, what is 4 - 57?
-53
In base 5, what is -211 + 10?
-201
In base 2, what is -1011111 + -100?
-1100011
In base 15, what is 488 - 4?
484
In base 7, what is 5 - -43?
51
In base 15, what is -39 + -23?
-5c
In base 10, what is 1 - -182?
183
In base 12, what is -6 + 15?
b
In base 6, what is 550 + -2?
544
In base 14, what is -15 - -5?
-10
In base 2, what is 111 + 101011100111?
101011101110
In base 2, what is 110001001 - 1010?
101111111
In base 8, what is -3 - -150?
145
In base 5, what is 10 - -4100?
4110
In base 16, what is 191e - 5?
1919
In base 13, what is 35 - 9?
29
In base 14, what is -2 + -8c7?
-8c9
In base 16, what is 15 + 14?
29
In base 3, what is -11 + -21?
-102
In base 9, what is -170 + 64?
-105
In base 9, what is 5 - -687?
703
In base 12, what is -2 - 7?
-9
In base 7, what is 2031 - 1?
2030
In base 13, what is -104c - 1?
-1050
In base 16, what is -339 + 3?
-336
In base 9, what is 146 - 47?
88
In base 6, what is 545 + 23?
1012
In base 4, what is -3 - -2131?
2122
In base 7, what is -1 + 1236?
1235
In base 14, what is -8 + 2a8?
2a0
In base 6, what is 1402 - -5?
1411
In base 8, what is -64335 + -2?
-64337
In base 13, what is 4 + 91?
95
In base 9, what is -23 - 803?
-826
In base 9, what is -12 - 41?
-53
In base 9, what is -5 + -3027?
-3033
In base 4, what is 12 + -1333?
-1321
In base 12, what is 1b8b + -2?
1b89
In base 11, what is 9 + 9?
17
In base 16, what is -7 - 8b?
-92
In base 9, what is -4 + 2674?
2670
In base 11, what is -5 - -a?
5
In base 4, what is -13130 - 102?
-13232
In base 9, what is -1 - 2714?
-2715
In base 3, what is -111 - -112221?
112110
In base 2, what is 1100111111 - 101?
1100111010
In base 7, what is 5 + 3632?
3640
In base 14, what is 3 - 36?
-33
In base 8, what is 10034 - 4?
10030
In base 11, what is -93 + -8?
-a0
In base 11, what is 0 - -696?
696
In base 7, what is -60 - 1316?
-1406
In base 2, what is -11101011 + 101?
-11100110
In base 8, what is 21 - -3?
24
In base 8, what is 4 - 1311?
-1305
In base 13, what is -c + -8b?
-9a
In base 6, what is 35 + 1?
40
In base 2, what is -1100110100 + 100100?
-1100010000
In base 3, what is -200 + 21?
-102
In base 11, what is 2 - -3?
5
In base 2, what is 1011000000001 - 101?
1010111111100
In base 11, what is 1 + 2a2?
2a3
In base 6, what is 13 - -24?
41
In base 3, what is 0 - 12?
-12
In base 3, what is -2211110 + -12?
-2211122
In base 6, what is 40004 - -2?
40010
In base 7, what is -312 - 2?
-314
In base 16, what is a - -7e?
88
In base 5, what is -13 - -2124?
2111
In base 6, what is 1 + -14001?
-14000
In base 8, what is -4 + 316?
312
In base 5, what is -33 + -12?
-100
In base 15, what is c - 9e?
-92
In base 12, what is -41 - 3?
-44
In base 6, what is 15 + 214?
233
In base 10, what is 0 + 5384?
5384
In base 11, what is 285 - 1?
284
In base 2, what is 100 - 110111?
-110011
In base 9, what is 18 + -1022?
-1003
In base 3, what is -100 - -20000?
12200
In base 11, what is 50 + 2a4?
344
In base 14, what is -190 - 7a?
-22a
In base 15, what is -9 - -60?
56
In base 11, what is -a0 - -1?
-9a
In base 10, what is -572 + 4?
-568
In base 3, what is 1 - 202001?
-202000
In base 9, what is 41 + -1?
40
In base 14, what is -15 - 4?
-19
In base 16, what is 6a6 + -1?
6a5
In base 8, what is -47 - -273?
224
In base 13, what is -5 + 2ac?
2a7
In base 13, what is -4 - 10a?
-111
In base 16, what is -4 - -1f?
1b
In base 6, what is 4000 - -4?
4004
In base 12, what is -447 - 7?
-452
In base 5, what is -10 - -303?
243
In base 7, what is 2 - 11221?
-11216
In base 10, what is -1 + 68?
67
In base 10, what is 25 + 2?
27
In base 3, what is 21 + 12200?
12221
In base 11, what is 1 + -81?
-80
In base 11, what is -55 - 1?
-56
In base 2, what is 10100 - 100?
10000
In base 3, what is 222 - -120?
1112
In base 10, what is -3 - 263?
-266
In base 7, what is -23 - -62?
36
In base 2, what is -111 - 11100?
-100011
In base 10, what is 80 + -95?
-15
In base 6, what is -11 - -2003?
1552
In base 10, what is -802 + 5?
-797
In base 7, what is -20 + -12?
-32
In base 6, what is -52 + -1155?
-1251
In base 13, what is -10 - 100?
-110
In base 16, what is -5 - -37?
32
In base 11, what is a4 + 15?
109
In base 5, what is -101 + -312?
-413
In base 12, what is -2 + 160?
15a
In base 7, what is 13 + -312?
-266
In base 13, what is 36 + 0?
36
In base 7, what is 13042 + -3?
13036
In base 5, what is -3 - 10202?
-10210
In base 12, what is -a6 + 5?
-a1
In base 7, what is -2 - -22535?
22533
In base 5, what is 0 - -1010?
1010
In base 5, what is 12100 - 10?
12040
In base 5, what is 20 + 3041?
3111
In base 8, what is -277 + 60?
-217
In base 9, what is 5 + 145?
151
In base 13, what is -5 + -50?
-55
In base 8, what is 17 + 14?
33
In base 5, what is -220 - -14?
-201
In base 11, what is 3 - 37?
-34
In base 12, what is -77 - -1?
-76
In base 8, what is -336 - 5?
-343
In base 8, what is -10 + 104?
74
In base 15, what is -b + 2?
-9
In base 11, what is -4 + -950?
-954
In base 6, what is 134 - 3?
131
In base 16, what is 5 + -a5?
-a0
In base 6, what is -1 - -5350?
5345
In base 13, what is -1bb - 2b?
-219
In base 10, what is -2 + 114?
112
In base 9, what is 427 - 4?
423
In base 15, what is -4 + 4b?
47
In base 4, what is -212 + 33?
-113
In base 10, what is -1 + 2455?
2454
In base 11, what is -4 - -a5?
a1
In base 11, what is -1087a + -2?
-10881
In base 8, what is -21 + -4?
-25
In base 7, what is 564 - -3?
600
In base 9, what is 52 - 1?
51
In base 16, what is -5 - f?
-14
In base 2, what is -111111 + 101?
-111010
In base 13, what is -1 + -36?
-37
In base 11, what is 1923 + 2?
1925
In base 5, what is 11 + -13?
-2
In base 16, what is -664 + -2?
-666
In base 5, what is -44 - 444?
-1043
In base 9, what is -106 - -20?
-76
In base 16, what is -b00 - -5?
-afb
In base 9, what is -28 + -50?
-78
In base 14, what is 3d2 - 2?
3d0
In base 14, what is 85 + -195?
-110
In base 9, what is 148 - 1?
147
In base 6, what is 2310 + -23?
2243
In base 15, what is -1 - -97b?
97a
In base 5, what is -10 - -44?
34
In base 16, what is 2c + 16?
42
In base 5, what is 101 + 0?
101
In base 4, what is -31032 + 0?
-31032
In base 8, what is -12 - -543?
531
In base 9, what is 2 + 4?
6
In base 11, what is 1 - 1aa?
-1a9
In base 5, what is -10 + -3?
-13
In base 15, what is 139 + -1?
138
In base 2, what is -10 + 10001010010110?
10001010010100
In base 14, what is a - -470?
47a
In base 3, what is 10 + 2?
12
In base 12, what is 47 + b1?
138
In base 9, what is 0 - 1223?
-1223
In base 13, what is -60 - 3?
-63
In base 9, what is -268 - 0?
-268
In base 9, what is 1 + 111?
112
In base 5, what is -230024 - -2?
-230022
In base 8, what is 156 - 3?
153
In base 3, what is 2222 - 1001?
1221
In base 15, what is 192 + 1?
193
In base 10, what is 139 - 1?
138
In base 3, what is -12020 - -2?
-12011
In base 16, what is -24b + 5?
-246
In base 14, what is -4 + 73?
6d
In base 6, what is -31 + 20?
-11
In base 4, what is -11 + 203?
132
In base 10, what is 2 - 214?
-212
In base 12, what is 113 + -14?
bb
In base 8, what is -4 - 242?
-246
In base 6, what is -5 + -1323?
-1332
In base 11, what is -82 - -25?
-58
In base 3, what is 100 - 21120?
-21020
In base 7, what is 1026 + -5?
1021
In base 16, what is 5 - 180?
-17b
In base 10, what is 40761 + -1?
40760
In base 14, what is 4 - 187c?
-1878
In base 16, what is d5 - 4?
d1
In base 5, what is 241242 + -3?
241234
In base 6, what is 353 - 153?
200
In base 14, what is -b6d + -6?
-b75
In base 12, what is -17 + -b?
-26
In base 6, what is 14 - 32?
-14
In base 11, what is 5 - 161?
-157
In base 9, what is 524 - 16?
507
In base 14, what is 4 + -28?
-24
In base 8, what is -4 - -45?
41
In base 9, what is 4 + 52?
56
In base 6, what is 0 - -4?
4
In base 12, what is -1 + 17?
16
In base 9, what is -742 - -25?
-716
In base 10, what is -1896 + 0?
-1896
In base 6, what is 21 + -35?
-14
In base 16, what is 4 - -12?
16